{"id":190,"date":"2022-03-22T21:37:35","date_gmt":"2022-03-22T20:37:35","guid":{"rendered":"https:\/\/hoerbuch-bestseller.eu\/?page_id=190"},"modified":"2022-03-31T15:04:02","modified_gmt":"2022-03-31T13:04:02","slug":"hoerbuch-bestseller-fuer-deinen-verkaufserfolg","status":"publish","type":"page","link":"https:\/\/hoerbuch-bestseller.eu\/?page_id=190","title":{"rendered":"H\u00f6rbuch-Bestseller f\u00fcr deinen Verkaufserfolg"},"content":{"rendered":"\n<figure class=\"wp-block-video\"><video height=\"1080\" style=\"aspect-ratio: 1920 \/ 1080;\" width=\"1920\" controls src=\"https:\/\/hoerbuch-bestseller.eu\/wp-content\/uploads\/2022\/03\/Hoerbuchbestselller.mp4\"><\/video><\/figure>\n\n\n\n<p>Kennen Sie das auch:<\/p>\n\n\n\n<p>Sie fahren frustriert von einem Verkaufsgespr\u00e4ch nach Hause und fragen sich, was habe ich nur falsch gemacht und was machen andere anders damit sie einen Verkaufserfolg haben.<\/p>\n\n\n\n<p>Ich bin seit mehr als 15 Jahren im Verkauf t\u00e4tig und mir ging es \u00e4hnlich. Immer fuhr ich entt\u00e4uscht nach einem Verkaufsgespr\u00e4ch nach Hause oder wollte nicht&nbsp; mehr telefonieren, da ich am Telefon von 10 Anrufen bis zu 8 Absagen bekam.<\/p>\n\n\n\n<p>Obwohl ich sehr gerne Verk\u00e4ufer bin, war ich kurz davor alles hinzuschmei\u00dfen und mich neu zu orientieren.<\/p>\n\n\n\n<p>Zuf\u00e4llig kam ich bei einem Verkaufsseminar mit einem anderen Seminarteilnehmer ins Gespr\u00e4ch und w\u00e4hrend wir so unsere Verkaufserfahrungen austauschten, erz\u00e4hlte er mir wie er es schaffte seine Terminausbeute von urspr\u00fcnglich 3 Terminen pro 10 Anrufen seinen Kaltaquiseerfolg auf bis zu 90% zu erh\u00f6hen.<\/p>\n\n\n\n<p>Nat\u00fcrlich fragte ich ihn sofort, wie er das geschafft hat und seine Antwort war kurz und knapp \u201eH\u00f6rb\u00fccher\u201c.<\/p>\n\n\n\n<p class=\"has-text-align-center\"><a rel=\"sponsored\" href=\"https:\/\/www.awin1.com\/cread.php?s=2435475&amp;v=14444&amp;q=368116&amp;r=999961\">     <\/a><a href=\"https:\/\/www.awin1.com\/cread.php?s=2435475&amp;v=14444&amp;q=368116&amp;r=999961\" target=\"_blank\" rel=\"noreferrer noopener\"><img decoding=\"async\" src=\"https:\/\/www.awin1.com\/cshow.php?s=2435475&amp;v=14444&amp;q=368116&amp;r=999961\" border=\"0\"><\/a><a rel=\"sponsored\" href=\"https:\/\/www.awin1.com\/cread.php?s=2435475&amp;v=14444&amp;q=368116&amp;r=999961\"> <\/a><\/p>\n\n\n\n<p>\u201eH\u00f6rb\u00fccher?\u201c, frage ich Ihn. \u201eH\u00f6rb\u00fccher\u201c, antwortete er.<\/p>\n\n\n\n<p>Er erkl\u00e4rte mir das so: Vor allem f\u00fcr Verk\u00e4ufer die viel und auch weit reisen sind <a href=\"http:\/\/<a rel=&quot;sponsored&quot; href=&quot;https:\/\/www.awin1.com\/awclick.php?gid=368120&amp;mid=14444&amp;awinaffid=999961&amp;linkid=2435508&amp;clickref=&quot;>Audible.de<\/a>&#8220; target=&#8220;_blank&#8220; rel=&#8220;noreferrer noopener&#8220;>H\u00f6rb\u00fccher <\/a>das optimale Mittel zur Weiterbildung. H\u00f6rb\u00fccher kann man w\u00e4hrend der Autofahrt, im Flugzeug, im Zug, in der Hotellobby und \u00fcberall wo es Wartezeiten gibt h\u00f6ren ohne andere zu st\u00f6ren.<\/p>\n\n\n\n<p>Im Gegensatz zu Seminaren sind H\u00f6rb\u00fccher wesentlich g\u00fcnstiger. Wenn mich etwas merh interssiert oder ich es nicht so verstanden habe, dann kann ich mir die besagte Stelle immer wieder und wieder anh\u00f6ren.<\/p>\n\n\n\n<p>H\u00f6rb\u00fccher sind wie Filme, je \u00f6fter man sie h\u00f6rt desto mehr Details werden aufgenommen und desto mehr bleibt h\u00e4ngen.<\/p>\n\n\n\n<p class=\"has-text-align-left\">Bei Anbietern wie z.B. <a href=\"https:\/\/www.awin1.com\/awclick.php?gid=397452&amp;mid=14444&amp;awinaffid=999961&amp;linkid=2716673&amp;clickref=\">Audible <\/a>gibt es f\u00fcr jeden Geschm<a href=\"https:\/\/www.awin1.com\/cread.php?s=2435475&amp;v=14444&amp;q=368116&amp;r=999961\"><\/a>ack etwas. Von sanfter Belletristik bis hin zu wissenschaftlichen Werken. Mit einem <a rel=\"noreferrer noopener\" href=\"https:\/\/www.awin1.com\/awclick.php?gid=397452&amp;mid=14444&amp;awinaffid=999961&amp;linkid=2716673&amp;clickref=\" target=\"_blank\">Audible-Abo<\/a> bekommen Sie zum Beispiel jeden Monat ein H\u00f6rbuch kostenlos egal was es kostet.<\/p>\n\n\n\n<p><\/p>\n\n\n\n<p>Ein weiterer Anbieter von H\u00f6rb\u00fcchern ist Blinkist. Bei Blinkist fassen Experten H\u00f6rb\u00fccher auf das wesentliche zusammen, sodass die B\u00fccher oft nicht l\u00e4nger als 15 Minuten dauern. Man kann sich so einen \u00dcberblick \u00fcber viele B\u00fccher schaffen und wenn man an einem H\u00f6rbuch st\u00e4rker interessiert ist, dieses bei <a href=\"https:\/\/www.awin1.com\/awclick.php?gid=397452&amp;mid=14444&amp;awinaffid=999961&amp;linkid=2716673&amp;clickref=\" data-type=\"URL\" data-id=\"https:\/\/www.awin1.com\/awclick.php?gid=397452&amp;mid=14444&amp;awinaffid=999961&amp;linkid=2716673&amp;clickref=\" target=\"_blank\" rel=\"noreferrer noopener\">Audible <\/a>kaufen.<\/p>\n\n\n\n<p class=\"has-text-align-center\"><a rel=\"sponsored\" href=\"https:\/\/www.awin1.com\/cread.php?s=2435481&amp;v=14444&amp;q=368114&amp;r=999961\">\n    <img decoding=\"async\" src=\"https:\/\/www.awin1.com\/cshow.php?s=2435481&amp;v=14444&amp;q=368114&amp;r=999961\" border=\"0\">\n<\/a><\/p>\n","protected":false},"excerpt":{"rendered":"<p>Kennen Sie das auch: Sie fahren frustriert von einem Verkaufsgespr\u00e4ch nach Hause und fragen sich, was habe ich nur falsch gemacht und was machen andere anders damit sie einen Verkaufserfolg haben. Ich bin seit mehr als 15 Jahren im Verkauf t\u00e4tig und mir ging es \u00e4hnlich. Immer fuhr ich entt\u00e4uscht nach einem Verkaufsgespr\u00e4ch nach Hause [&hellip;]<\/p>\n","protected":false},"author":1,"featured_media":0,"parent":0,"menu_order":0,"comment_status":"closed","ping_status":"closed","template":"","meta":{"footnotes":""},"class_list":["post-190","page","type-page","status-publish","hentry"],"_links":{"self":[{"href":"https:\/\/hoerbuch-bestseller.eu\/index.php?rest_route=\/wp\/v2\/pages\/190","targetHints":{"allow":["GET"]}}],"collection":[{"href":"https:\/\/hoerbuch-bestseller.eu\/index.php?rest_route=\/wp\/v2\/pages"}],"about":[{"href":"https:\/\/hoerbuch-bestseller.eu\/index.php?rest_route=\/wp\/v2\/types\/page"}],"author":[{"embeddable":true,"href":"https:\/\/hoerbuch-bestseller.eu\/index.php?rest_route=\/wp\/v2\/users\/1"}],"replies":[{"embeddable":true,"href":"https:\/\/hoerbuch-bestseller.eu\/index.php?rest_route=%2Fwp%2Fv2%2Fcomments&post=190"}],"version-history":[{"count":15,"href":"https:\/\/hoerbuch-bestseller.eu\/index.php?rest_route=\/wp\/v2\/pages\/190\/revisions"}],"predecessor-version":[{"id":243,"href":"https:\/\/hoerbuch-bestseller.eu\/index.php?rest_route=\/wp\/v2\/pages\/190\/revisions\/243"}],"wp:attachment":[{"href":"https:\/\/hoerbuch-bestseller.eu\/index.php?rest_route=%2Fwp%2Fv2%2Fmedia&parent=190"}],"curies":[{"name":"wp","href":"https:\/\/api.w.org\/{rel}","templated":true}]}}